{"id":2955,"date":"2020-09-14T18:40:02","date_gmt":"2020-09-14T18:40:02","guid":{"rendered":"https:\/\/leaditlady.pl\/?post_type=speaker&#038;p=2955"},"modified":"2020-09-14T21:33:19","modified_gmt":"2020-09-14T21:33:19","slug":"anna-szwiec","status":"publish","type":"speaker","link":"https:\/\/leaditlady.pl\/index.php\/speaker\/anna-szwiec\/","title":{"rendered":"Anna Szwiec"},"content":{"rendered":"\n<p>Zawodowo jestem zwi\u0105zana z bran\u017c\u0105 IT, w kt\u00f3rej pracuj\u0119 jako programistka.&nbsp;<\/p>\n\n\n\n<p>Jednocze\u015bnie, od ponad 5 lat rozwijam i wspieram spo\u0142eczno\u015b\u0107 Women in Technology Poland, dbaj\u0105c o tworzenie przyjaznego \u015brodowiska, w kt\u00f3rym kobiety mog\u0105 si\u0119 rozwija\u0107 i dzieli\u0107 wiedz\u0105.&nbsp;<\/p>\n\n\n\n<p>Jestem wsp\u00f3\u0142tw\u00f3rczyni\u0105 programu mentorskiego Tech Leaders oraz mentork\u0105 w tym programie, a tak\u017ce hackathonach i startup sprintach.&nbsp;<\/p>\n\n\n\n<p>Wspieram dziewczyny w poszukiwaniu w\u0142asnego miejsca w IT. G\u0142\u0119boko wierz\u0119 w budowanie \u015bcie\u017cki rozwoju opartej na talentach i pasjach.<\/p>\n\n\n\n<p>Prywatnie jestem mam\u0105 i fascynatk\u0105 sport\u00f3w walki.<\/p>\n","protected":false},"excerpt":{"rendered":"<p>Zawodowo jestem zwi\u0105zana z bran\u017c\u0105 IT, w kt\u00f3rej pracuj\u0119 jako programistka.&nbsp; Jednocze\u015bnie, od ponad 5 lat rozwijam i wspieram spo\u0142eczno\u015b\u0107 Women in Technology Poland, dbaj\u0105c o tworzenie przyjaznego \u015brodowiska, w kt\u00f3rym kobiety mog\u0105 si\u0119 rozwija\u0107 i dzieli\u0107 wiedz\u0105.&nbsp; Jestem wsp\u00f3\u0142tw\u00f3rczyni\u0105&#8230;<\/p>\n","protected":false},"author":1,"featured_media":2957,"comment_status":"closed","ping_status":"closed","template":"","meta":{"_mi_skip_tracking":false,"_monsterinsights_sitenote_active":false,"_monsterinsights_sitenote_note":"","_monsterinsights_sitenote_category":0},"speaker-category":[],"speaker-tags":[],"location":[],"_links":{"self":[{"href":"https:\/\/leaditlady.pl\/index.php\/wp-json\/wp\/v2\/speaker\/2955"}],"collection":[{"href":"https:\/\/leaditlady.pl\/index.php\/wp-json\/wp\/v2\/speaker"}],"about":[{"href":"https:\/\/leaditlady.pl\/index.php\/wp-json\/wp\/v2\/types\/speaker"}],"author":[{"embeddable":true,"href":"https:\/\/leaditlady.pl\/index.php\/wp-json\/wp\/v2\/users\/1"}],"replies":[{"embeddable":true,"href":"https:\/\/leaditlady.pl\/index.php\/wp-json\/wp\/v2\/comments?post=2955"}],"version-history":[{"count":1,"href":"https:\/\/leaditlady.pl\/index.php\/wp-json\/wp\/v2\/speaker\/2955\/revisions"}],"predecessor-version":[{"id":2958,"href":"https:\/\/leaditlady.pl\/index.php\/wp-json\/wp\/v2\/speaker\/2955\/revisions\/2958"}],"wp:featuredmedia":[{"embeddable":true,"href":"https:\/\/leaditlady.pl\/index.php\/wp-json\/wp\/v2\/media\/2957"}],"wp:attachment":[{"href":"https:\/\/leaditlady.pl\/index.php\/wp-json\/wp\/v2\/media?parent=2955"}],"wp:term":[{"taxonomy":"speaker-category","embeddable":true,"href":"https:\/\/leaditlady.pl\/index.php\/wp-json\/wp\/v2\/speaker-category?post=2955"},{"taxonomy":"speaker-tags","embeddable":true,"href":"https:\/\/leaditlady.pl\/index.php\/wp-json\/wp\/v2\/speaker-tags?post=2955"},{"taxonomy":"location","embeddable":true,"href":"https:\/\/leaditlady.pl\/index.php\/wp-json\/wp\/v2\/location?post=2955"}],"curies":[{"name":"wp","href":"https:\/\/api.w.org\/{rel}","templated":true}]}}

<p>Zawodowo jestem związana z branżą IT, w której pracuję jako programistka.&nbsp;</p>



<p>Jednocześnie, od ponad 5 lat rozwijam i wspieram społeczność Women in Technology Poland, dbając o tworzenie przyjaznego środowiska, w którym kobiety mogą się rozwijać i dzielić wiedzą.&nbsp;</p>



<p>Jestem współtwórczynią programu mentorskiego Tech Leaders oraz mentorką w tym programie, a także hackathonach i startup sprintach.&nbsp;</p>



<p>Wspieram dziewczyny w poszukiwaniu własnego miejsca w IT. Głęboko wierzę w budowanie ścieżki rozwoju opartej na talentach i pasjach.</p>



<p>Prywatnie jestem mamą i fascynatką sportów walki.</p>

<p>Zawodowo jestem związana z branżą IT, w której pracuję jako programistka.&nbsp; Jednocześnie, od ponad 5 lat rozwijam i wspieram społeczność Women in Technology Poland, dbając o tworzenie przyjaznego środowiska, w którym kobiety mogą się rozwijać i dzielić wiedzą.&nbsp; Jestem współtwórczynią&#8230;</p>
